{"id":619,"date":"2022-03-21T15:54:49","date_gmt":"2022-03-21T14:54:49","guid":{"rendered":"http:\/\/yanntrebaol.fr\/ecrivain\/?page_id=619"},"modified":"2022-03-21T15:55:28","modified_gmt":"2022-03-21T14:55:28","slug":"parution-de-la-lionne-du-colisee","status":"publish","type":"page","link":"https:\/\/yanntrebaol.fr\/ecrivain\/index.php\/parution-de-la-lionne-du-colisee\/","title":{"rendered":"PARUTION DE \u00ab\u00a0LA LIONNE DU COLISEE\u00a0\u00bb"},"content":{"rendered":"\t\t<div data-elementor-type=\"wp-page\" data-elementor-id=\"619\" class=\"elementor elementor-619\">\n\t\t\t\t\t\t<section class=\"elementor-section elementor-top-section elementor-element elementor-element-a07df4b elementor-section-boxed elementor-section-height-default elementor-section-height-default\" data-id=\"a07df4b\" data-element_type=\"section\" data-e-type=\"section\">\n\t\t\t\t\t\t<div class=\"elementor-container elementor-column-gap-default\">\n\t\t\t\t\t<div class=\"elementor-column elementor-col-100 elementor-top-column elementor-element elementor-element-6c5674df\" data-id=\"6c5674df\" data-element_type=\"column\" data-e-type=\"column\">\n\t\t\t<div class=\"elementor-widget-wrap\">\n\t\t\t\t\t\t\t<\/div>\n\t\t<\/div>\n\t\t\t\t\t<\/div>\n\t\t<\/section>\n\t\t\t\t<section class=\"elementor-section elementor-top-section elementor-element elementor-element-63e6ccf elementor-section-boxed elementor-section-height-default elementor-section-height-default\" data-id=\"63e6ccf\" data-element_type=\"section\" data-e-type=\"section\">\n\t\t\t\t\t\t<div class=\"elementor-container elementor-column-gap-default\">\n\t\t\t\t\t<div class=\"elementor-column elementor-col-100 elementor-top-column elementor-element elementor-element-1fe8846\" data-id=\"1fe8846\" data-element_type=\"column\" data-e-type=\"column\">\n\t\t\t<div class=\"elementor-widget-wrap elementor-element-populated\">\n\t\t\t\t\t\t<div class=\"elementor-element elementor-element-fd73e30 elementor-widget elementor-widget-image\" data-id=\"fd73e30\" data-element_type=\"widget\" data-e-type=\"widget\" data-widget_type=\"image.default\">\n\t\t\t\t<div class=\"elementor-widget-container\">\n\t\t\t\t\t\t\t\t\t\t\t\t\t\t\t<img fetchpriority=\"high\" decoding=\"async\" width=\"724\" height=\"1024\" src=\"https:\/\/yanntrebaol.fr\/ecrivain\/wp-content\/uploads\/2022\/03\/Version-jpeg-724x1024.jpg\" class=\"attachment-large size-large wp-image-621\" alt=\"\" srcset=\"https:\/\/yanntrebaol.fr\/ecrivain\/wp-content\/uploads\/2022\/03\/Version-jpeg-724x1024.jpg 724w, https:\/\/yanntrebaol.fr\/ecrivain\/wp-content\/uploads\/2022\/03\/Version-jpeg-212x300.jpg 212w, https:\/\/yanntrebaol.fr\/ecrivain\/wp-content\/uploads\/2022\/03\/Version-jpeg-768x1086.jpg 768w, https:\/\/yanntrebaol.fr\/ecrivain\/wp-content\/uploads\/2022\/03\/Version-jpeg-1086x1536.jpg 1086w, https:\/\/yanntrebaol.fr\/ecrivain\/wp-content\/uploads\/2022\/03\/Version-jpeg-1448x2048.jpg 1448w, https:\/\/yanntrebaol.fr\/ecrivain\/wp-content\/uploads\/2022\/03\/Version-jpeg-scaled.jpg 1810w\" sizes=\"100vw\" \/>\t\t\t\t\t\t\t\t\t\t\t\t\t\t\t<\/div>\n\t\t\t\t<\/div>\n\t\t\t\t\t<\/div>\n\t\t<\/div>\n\t\t\t\t\t<\/div>\n\t\t<\/section>\n\t\t\t\t<section class=\"elementor-section elementor-top-section elementor-element elementor-element-e23cada elementor-section-boxed elementor-section-height-default elementor-section-height-default\" data-id=\"e23cada\" data-element_type=\"section\" data-e-type=\"section\">\n\t\t\t\t\t\t<div class=\"elementor-container elementor-column-gap-default\">\n\t\t\t\t\t<div class=\"elementor-column elementor-col-100 elementor-top-column elementor-element elementor-element-9e79d02\" data-id=\"9e79d02\" data-element_type=\"column\" data-e-type=\"column\">\n\t\t\t<div class=\"elementor-widget-wrap elementor-element-populated\">\n\t\t\t\t\t\t<div class=\"elementor-element elementor-element-b279f79 elementor-widget elementor-widget-text-editor\" data-id=\"b279f79\" data-element_type=\"widget\" data-e-type=\"widget\" data-widget_type=\"text-editor.default\">\n\t\t\t\t<div class=\"elementor-widget-container\">\n\t\t\t\t\t\t\t\t\t<p><strong>\u00ab\u00a0La guerri\u00e8re dansait autour du feu qui illuminait le sommet de la montagne sacr\u00e9e. Telle une ombre en mouvement, exalt\u00e9e par la fournaise, Cadic\u00e9e avait retrouv\u00e9 la fi\u00e8vre des combats. Son corps, couvert de cicatrices, s\u2019exprimait sans pudeur, et la fureur de son regard r\u00e9pondait \u00e0 la menace des flammes\u00a0\u00bb.<\/strong><\/p>\n<p><strong>Nous sommes en l\u2019an 83 apr\u00e8s JC et les l\u00e9gions du cruel empereur Domitien s\u2019appr\u00eatent \u00e0 envahir les terres inviol\u00e9es de la Cal\u00e9donie.<\/strong><\/p>\n<p><strong>D\u00e9couvrez l\u2019incroyable destin de Cadic\u00e9e qui vous entra\u00eenera dans son sillage \u00e0 travers l\u2019empire. Vous partagerez les aventures de la farouche guerri\u00e8re Celte et plongerez dans la fureur des combats qui se sont d\u00e9roul\u00e9s du nord de la Bretagne jusqu\u2019au c\u0153ur de Rome. Les rugissements des fauves surgiront des entrailles du Colis\u00e9e dans le fracas des armes des gladiateurs, qui s\u2019affronteront jusqu\u2019\u00e0 la mort.<\/strong><\/p>\t\t\t\t\t\t\t\t<\/div>\n\t\t\t\t<\/div>\n\t\t\t\t\t<\/div>\n\t\t<\/div>\n\t\t\t\t\t<\/div>\n\t\t<\/section>\n\t\t\t\t<\/div>\n\t\t","protected":false},"excerpt":{"rendered":"<p>\u00ab\u00a0La guerri\u00e8re dansait autour du feu qui illuminait le sommet de la montagne sacr\u00e9e. Telle une ombre en mouvement, exalt\u00e9e par la fournaise, Cadic\u00e9e avait retrouv\u00e9 la fi\u00e8vre des combats. Son corps, couvert de cicatrices, s\u2019exprimait sans pudeur, et la fureur de son regard r\u00e9pondait \u00e0 la menace des flammes\u00a0\u00bb. Nous sommes en l\u2019an 83 &hellip; <\/p>\n<p class=\"link-more\"><a href=\"https:\/\/yanntrebaol.fr\/ecrivain\/index.php\/parution-de-la-lionne-du-colisee\/\" class=\"more-link\">Continuer la lecture<span class=\"screen-reader-text\"> de &laquo;&nbsp;PARUTION DE \u00ab\u00a0LA LIONNE DU COLISEE\u00a0\u00bb&nbsp;&raquo;<\/span><\/a><\/p>\n","protected":false},"author":1,"featured_media":0,"parent":0,"menu_order":0,"comment_status":"closed","ping_status":"closed","template":"","meta":{"footnotes":""},"class_list":["post-619","page","type-page","status-publish","hentry"],"yoast_head":"<!-- This site is optimized with the Yoast SEO plugin v27.4 - https:\/\/yoast.com\/product\/yoast-seo-wordpress\/ -->\n<title>PARUTION DE &quot;LA LIONNE DU COLISEE&quot; - Yann TREBAOL - ECRIVAIN<\/title>\n<meta name=\"robots\" content=\"index, follow, max-snippet:-1, max-image-preview:large, max-video-preview:-1\" \/>\n<link rel=\"canonical\" href=\"https:\/\/yanntrebaol.fr\/ecrivain\/index.php\/parution-de-la-lionne-du-colisee\/\" \/>\n<meta property=\"og:locale\" content=\"fr_FR\" \/>\n<meta property=\"og:type\" content=\"article\" \/>\n<meta property=\"og:title\" content=\"PARUTION DE &quot;LA LIONNE DU COLISEE&quot; - Yann TREBAOL - ECRIVAIN\" \/>\n<meta property=\"og:description\" content=\"\u00ab\u00a0La guerri\u00e8re dansait autour du feu qui illuminait le sommet de la montagne sacr\u00e9e. Telle une ombre en mouvement, exalt\u00e9e par la fournaise, Cadic\u00e9e avait retrouv\u00e9 la fi\u00e8vre des combats. Son corps, couvert de cicatrices, s\u2019exprimait sans pudeur, et la fureur de son regard r\u00e9pondait \u00e0 la menace des flammes\u00a0\u00bb. Nous sommes en l\u2019an 83 &hellip; Continuer la lecture de &laquo;&nbsp;PARUTION DE \u00ab\u00a0LA LIONNE DU COLISEE\u00a0\u00bb&nbsp;&raquo;\" \/>\n<meta property=\"og:url\" content=\"https:\/\/yanntrebaol.fr\/ecrivain\/index.php\/parution-de-la-lionne-du-colisee\/\" \/>\n<meta property=\"og:site_name\" content=\"Yann TREBAOL - ECRIVAIN\" \/>\n<meta property=\"article:modified_time\" content=\"2022-03-21T14:55:28+00:00\" \/>\n<meta property=\"og:image\" content=\"http:\/\/yanntrebaol.fr\/ecrivain\/wp-content\/uploads\/2022\/03\/Version-jpeg-724x1024.jpg\" \/>\n<meta name=\"twitter:card\" content=\"summary_large_image\" \/>\n<meta name=\"twitter:label1\" content=\"Dur\u00e9e de lecture estim\u00e9e\" \/>\n\t<meta name=\"twitter:data1\" content=\"1 minute\" \/>\n<script type=\"application\/ld+json\" class=\"yoast-schema-graph\">{\"@context\":\"https:\\\/\\\/schema.org\",\"@graph\":[{\"@type\":\"WebPage\",\"@id\":\"https:\\\/\\\/yanntrebaol.fr\\\/ecrivain\\\/index.php\\\/parution-de-la-lionne-du-colisee\\\/\",\"url\":\"https:\\\/\\\/yanntrebaol.fr\\\/ecrivain\\\/index.php\\\/parution-de-la-lionne-du-colisee\\\/\",\"name\":\"PARUTION DE \\\"LA LIONNE DU COLISEE\\\" - Yann TREBAOL - ECRIVAIN\",\"isPartOf\":{\"@id\":\"https:\\\/\\\/yanntrebaol.fr\\\/ecrivain\\\/#website\"},\"primaryImageOfPage\":{\"@id\":\"https:\\\/\\\/yanntrebaol.fr\\\/ecrivain\\\/index.php\\\/parution-de-la-lionne-du-colisee\\\/#primaryimage\"},\"image\":{\"@id\":\"https:\\\/\\\/yanntrebaol.fr\\\/ecrivain\\\/index.php\\\/parution-de-la-lionne-du-colisee\\\/#primaryimage\"},\"thumbnailUrl\":\"http:\\\/\\\/yanntrebaol.fr\\\/ecrivain\\\/wp-content\\\/uploads\\\/2022\\\/03\\\/Version-jpeg-724x1024.jpg\",\"datePublished\":\"2022-03-21T14:54:49+00:00\",\"dateModified\":\"2022-03-21T14:55:28+00:00\",\"breadcrumb\":{\"@id\":\"https:\\\/\\\/yanntrebaol.fr\\\/ecrivain\\\/index.php\\\/parution-de-la-lionne-du-colisee\\\/#breadcrumb\"},\"inLanguage\":\"fr-FR\",\"potentialAction\":[{\"@type\":\"ReadAction\",\"target\":[\"https:\\\/\\\/yanntrebaol.fr\\\/ecrivain\\\/index.php\\\/parution-de-la-lionne-du-colisee\\\/\"]}]},{\"@type\":\"ImageObject\",\"inLanguage\":\"fr-FR\",\"@id\":\"https:\\\/\\\/yanntrebaol.fr\\\/ecrivain\\\/index.php\\\/parution-de-la-lionne-du-colisee\\\/#primaryimage\",\"url\":\"http:\\\/\\\/yanntrebaol.fr\\\/ecrivain\\\/wp-content\\\/uploads\\\/2022\\\/03\\\/Version-jpeg-724x1024.jpg\",\"contentUrl\":\"http:\\\/\\\/yanntrebaol.fr\\\/ecrivain\\\/wp-content\\\/uploads\\\/2022\\\/03\\\/Version-jpeg-724x1024.jpg\"},{\"@type\":\"BreadcrumbList\",\"@id\":\"https:\\\/\\\/yanntrebaol.fr\\\/ecrivain\\\/index.php\\\/parution-de-la-lionne-du-colisee\\\/#breadcrumb\",\"itemListElement\":[{\"@type\":\"ListItem\",\"position\":1,\"name\":\"Accueil\",\"item\":\"https:\\\/\\\/yanntrebaol.fr\\\/ecrivain\\\/\"},{\"@type\":\"ListItem\",\"position\":2,\"name\":\"PARUTION DE \u00ab\u00a0LA LIONNE DU COLISEE\u00a0\u00bb\"}]},{\"@type\":\"WebSite\",\"@id\":\"https:\\\/\\\/yanntrebaol.fr\\\/ecrivain\\\/#website\",\"url\":\"https:\\\/\\\/yanntrebaol.fr\\\/ecrivain\\\/\",\"name\":\"Yann TREBAOL - ECRIVAIN\",\"description\":\"Un Blog de partage tout simplement ...\",\"potentialAction\":[{\"@type\":\"SearchAction\",\"target\":{\"@type\":\"EntryPoint\",\"urlTemplate\":\"https:\\\/\\\/yanntrebaol.fr\\\/ecrivain\\\/?s={search_term_string}\"},\"query-input\":{\"@type\":\"PropertyValueSpecification\",\"valueRequired\":true,\"valueName\":\"search_term_string\"}}],\"inLanguage\":\"fr-FR\"}]}<\/script>\n<!-- \/ Yoast SEO plugin. -->","yoast_head_json":{"title":"PARUTION DE \"LA LIONNE DU COLISEE\" - Yann TREBAOL - ECRIVAIN","robots":{"index":"index","follow":"follow","max-snippet":"max-snippet:-1","max-image-preview":"max-image-preview:large","max-video-preview":"max-video-preview:-1"},"canonical":"https:\/\/yanntrebaol.fr\/ecrivain\/index.php\/parution-de-la-lionne-du-colisee\/","og_locale":"fr_FR","og_type":"article","og_title":"PARUTION DE \"LA LIONNE DU COLISEE\" - Yann TREBAOL - ECRIVAIN","og_description":"\u00ab\u00a0La guerri\u00e8re dansait autour du feu qui illuminait le sommet de la montagne sacr\u00e9e. Telle une ombre en mouvement, exalt\u00e9e par la fournaise, Cadic\u00e9e avait retrouv\u00e9 la fi\u00e8vre des combats. Son corps, couvert de cicatrices, s\u2019exprimait sans pudeur, et la fureur de son regard r\u00e9pondait \u00e0 la menace des flammes\u00a0\u00bb. Nous sommes en l\u2019an 83 &hellip; Continuer la lecture de &laquo;&nbsp;PARUTION DE \u00ab\u00a0LA LIONNE DU COLISEE\u00a0\u00bb&nbsp;&raquo;","og_url":"https:\/\/yanntrebaol.fr\/ecrivain\/index.php\/parution-de-la-lionne-du-colisee\/","og_site_name":"Yann TREBAOL - ECRIVAIN","article_modified_time":"2022-03-21T14:55:28+00:00","og_image":[{"url":"http:\/\/yanntrebaol.fr\/ecrivain\/wp-content\/uploads\/2022\/03\/Version-jpeg-724x1024.jpg","type":"","width":"","height":""}],"twitter_card":"summary_large_image","twitter_misc":{"Dur\u00e9e de lecture estim\u00e9e":"1 minute"},"schema":{"@context":"https:\/\/schema.org","@graph":[{"@type":"WebPage","@id":"https:\/\/yanntrebaol.fr\/ecrivain\/index.php\/parution-de-la-lionne-du-colisee\/","url":"https:\/\/yanntrebaol.fr\/ecrivain\/index.php\/parution-de-la-lionne-du-colisee\/","name":"PARUTION DE \"LA LIONNE DU COLISEE\" - Yann TREBAOL - ECRIVAIN","isPartOf":{"@id":"https:\/\/yanntrebaol.fr\/ecrivain\/#website"},"primaryImageOfPage":{"@id":"https:\/\/yanntrebaol.fr\/ecrivain\/index.php\/parution-de-la-lionne-du-colisee\/#primaryimage"},"image":{"@id":"https:\/\/yanntrebaol.fr\/ecrivain\/index.php\/parution-de-la-lionne-du-colisee\/#primaryimage"},"thumbnailUrl":"http:\/\/yanntrebaol.fr\/ecrivain\/wp-content\/uploads\/2022\/03\/Version-jpeg-724x1024.jpg","datePublished":"2022-03-21T14:54:49+00:00","dateModified":"2022-03-21T14:55:28+00:00","breadcrumb":{"@id":"https:\/\/yanntrebaol.fr\/ecrivain\/index.php\/parution-de-la-lionne-du-colisee\/#breadcrumb"},"inLanguage":"fr-FR","potentialAction":[{"@type":"ReadAction","target":["https:\/\/yanntrebaol.fr\/ecrivain\/index.php\/parution-de-la-lionne-du-colisee\/"]}]},{"@type":"ImageObject","inLanguage":"fr-FR","@id":"https:\/\/yanntrebaol.fr\/ecrivain\/index.php\/parution-de-la-lionne-du-colisee\/#primaryimage","url":"http:\/\/yanntrebaol.fr\/ecrivain\/wp-content\/uploads\/2022\/03\/Version-jpeg-724x1024.jpg","contentUrl":"http:\/\/yanntrebaol.fr\/ecrivain\/wp-content\/uploads\/2022\/03\/Version-jpeg-724x1024.jpg"},{"@type":"BreadcrumbList","@id":"https:\/\/yanntrebaol.fr\/ecrivain\/index.php\/parution-de-la-lionne-du-colisee\/#breadcrumb","itemListElement":[{"@type":"ListItem","position":1,"name":"Accueil","item":"https:\/\/yanntrebaol.fr\/ecrivain\/"},{"@type":"ListItem","position":2,"name":"PARUTION DE \u00ab\u00a0LA LIONNE DU COLISEE\u00a0\u00bb"}]},{"@type":"WebSite","@id":"https:\/\/yanntrebaol.fr\/ecrivain\/#website","url":"https:\/\/yanntrebaol.fr\/ecrivain\/","name":"Yann TREBAOL - ECRIVAIN","description":"Un Blog de partage tout simplement ...","potentialAction":[{"@type":"SearchAction","target":{"@type":"EntryPoint","urlTemplate":"https:\/\/yanntrebaol.fr\/ecrivain\/?s={search_term_string}"},"query-input":{"@type":"PropertyValueSpecification","valueRequired":true,"valueName":"search_term_string"}}],"inLanguage":"fr-FR"}]}},"_links":{"self":[{"href":"https:\/\/yanntrebaol.fr\/ecrivain\/index.php\/wp-json\/wp\/v2\/pages\/619","targetHints":{"allow":["GET"]}}],"collection":[{"href":"https:\/\/yanntrebaol.fr\/ecrivain\/index.php\/wp-json\/wp\/v2\/pages"}],"about":[{"href":"https:\/\/yanntrebaol.fr\/ecrivain\/index.php\/wp-json\/wp\/v2\/types\/page"}],"author":[{"embeddable":true,"href":"https:\/\/yanntrebaol.fr\/ecrivain\/index.php\/wp-json\/wp\/v2\/users\/1"}],"replies":[{"embeddable":true,"href":"https:\/\/yanntrebaol.fr\/ecrivain\/index.php\/wp-json\/wp\/v2\/comments?post=619"}],"version-history":[{"count":4,"href":"https:\/\/yanntrebaol.fr\/ecrivain\/index.php\/wp-json\/wp\/v2\/pages\/619\/revisions"}],"predecessor-version":[{"id":628,"href":"https:\/\/yanntrebaol.fr\/ecrivain\/index.php\/wp-json\/wp\/v2\/pages\/619\/revisions\/628"}],"wp:attachment":[{"href":"https:\/\/yanntrebaol.fr\/ecrivain\/index.php\/wp-json\/wp\/v2\/media?parent=619"}],"curies":[{"name":"wp","href":"https:\/\/api.w.org\/{rel}","templated":true}]}}