{"id":231,"date":"2020-11-03T22:56:21","date_gmt":"2020-11-03T21:56:21","guid":{"rendered":"http:\/\/yanntrebaol.fr\/musicien\/?page_id=231"},"modified":"2020-11-03T22:56:57","modified_gmt":"2020-11-03T21:56:57","slug":"a-propos-de-pixabay","status":"publish","type":"page","link":"https:\/\/yanntrebaol.fr\/musicien\/index.php\/a-propos-de-pixabay\/","title":{"rendered":"A PROPOS DE PIXABAY"},"content":{"rendered":"\t\t<div data-elementor-type=\"wp-page\" data-elementor-id=\"231\" class=\"elementor elementor-231\">\n\t\t\t\t\t\t<section class=\"elementor-section elementor-top-section elementor-element elementor-element-22f896ef elementor-section-boxed elementor-section-height-default elementor-section-height-default\" data-id=\"22f896ef\" data-element_type=\"section\" data-e-type=\"section\">\n\t\t\t\t\t\t<div class=\"elementor-container elementor-column-gap-default\">\n\t\t\t\t\t<div class=\"elementor-column elementor-col-100 elementor-top-column elementor-element elementor-element-1b5265f1\" data-id=\"1b5265f1\" data-element_type=\"column\" data-e-type=\"column\">\n\t\t\t<div class=\"elementor-widget-wrap elementor-element-populated\">\n\t\t\t\t\t\t<div class=\"elementor-element elementor-element-163b2612 elementor-widget elementor-widget-text-editor\" data-id=\"163b2612\" data-element_type=\"widget\" data-e-type=\"widget\" data-widget_type=\"text-editor.default\">\n\t\t\t\t<div class=\"elementor-widget-container\">\n\t\t\t\t\t\t\t\t\t\n<figure class=\"wp-block-image size-large is-resized\"><img fetchpriority=\"high\" decoding=\"async\" src=\"http:\/\/yanntrebaol.fr\/musicien\/wp-content\/uploads\/2020\/11\/drums-2708199_1920.jpg\" alt=\"\" class=\"wp-image-232\" width=\"422\" height=\"281\"\/><figcaption>Image par <a href=\"https:\/\/pixabay.com\/fr\/users\/nadine_em-2242979\/?utm_source=link-attribution&amp;utm_medium=referral&amp;utm_campaign=image&amp;utm_content=2708199\">Nadine_Em<\/a> de <a href=\"https:\/\/pixabay.com\/fr\/?utm_source=link-attribution&amp;utm_medium=referral&amp;utm_campaign=image&amp;utm_content=2708199\">Pixabay<\/a><\/figcaption><\/figure>\n\n\n\n<p><em>Pixabay.com est un site web de partage d\u2019images libres de droits : photos, illustrations, images vectorielles et clips vid\u00e9os. Le site a \u00e9t\u00e9 d\u00e9velopp\u00e9 en Allemagne par Hans Braxmeier et Simon Steinberger. J\u2019utilise ce site que j\u2019alimente \u00e9galement en photos. Cette notion de partage sans \u00e9change d\u2019argent est une de mes valeurs fondamentales.<\/em><\/p>\n\t\t\t\t\t\t\t\t<\/div>\n\t\t\t\t<\/div>\n\t\t\t\t\t<\/div>\n\t\t<\/div>\n\t\t\t\t\t<\/div>\n\t\t<\/section>\n\t\t\t\t<\/div>\n\t\t","protected":false},"excerpt":{"rendered":"<p>Pixabay.com est un site web de partage d\u2019images libres de droits : photos, illustrations, images vectorielles et clips vid\u00e9os. Le site a \u00e9t\u00e9 d\u00e9velopp\u00e9 en Allemagne par Hans Braxmeier et Simon Steinberger. J\u2019utilise ce site que j\u2019alimente \u00e9galement en photos. Cette notion de partage sans \u00e9change d\u2019argent est une de mes valeurs fondamentales.<\/p>\n","protected":false},"author":1,"featured_media":0,"parent":0,"menu_order":0,"comment_status":"closed","ping_status":"closed","template":"","meta":{"footnotes":""},"class_list":["post-231","page","type-page","status-publish","hentry"],"yoast_head":"<!-- This site is optimized with the Yoast SEO plugin v27.5 - https:\/\/yoast.com\/product\/yoast-seo-wordpress\/ -->\n<title>A PROPOS DE PIXABAY - Yann TREBAOL - MUSICIEN<\/title>\n<meta name=\"robots\" content=\"index, follow, max-snippet:-1, max-image-preview:large, max-video-preview:-1\" \/>\n<link rel=\"canonical\" href=\"https:\/\/yanntrebaol.fr\/musicien\/index.php\/a-propos-de-pixabay\/\" \/>\n<meta property=\"og:locale\" content=\"fr_FR\" \/>\n<meta property=\"og:type\" content=\"article\" \/>\n<meta property=\"og:title\" content=\"A PROPOS DE PIXABAY - Yann TREBAOL - MUSICIEN\" \/>\n<meta property=\"og:description\" content=\"Pixabay.com est un site web de partage d\u2019images libres de droits : photos, illustrations, images vectorielles et clips vid\u00e9os. Le site a \u00e9t\u00e9 d\u00e9velopp\u00e9 en Allemagne par Hans Braxmeier et Simon Steinberger. J\u2019utilise ce site que j\u2019alimente \u00e9galement en photos. Cette notion de partage sans \u00e9change d\u2019argent est une de mes valeurs fondamentales.\" \/>\n<meta property=\"og:url\" content=\"https:\/\/yanntrebaol.fr\/musicien\/index.php\/a-propos-de-pixabay\/\" \/>\n<meta property=\"og:site_name\" content=\"Yann TREBAOL - MUSICIEN\" \/>\n<meta property=\"article:modified_time\" content=\"2020-11-03T21:56:57+00:00\" \/>\n<meta property=\"og:image\" content=\"http:\/\/yanntrebaol.fr\/musicien\/wp-content\/uploads\/2020\/11\/drums-2708199_1920.jpg\" \/>\n<meta name=\"twitter:card\" content=\"summary_large_image\" \/>\n<script type=\"application\/ld+json\" class=\"yoast-schema-graph\">{\"@context\":\"https:\\\/\\\/schema.org\",\"@graph\":[{\"@type\":\"WebPage\",\"@id\":\"https:\\\/\\\/yanntrebaol.fr\\\/musicien\\\/index.php\\\/a-propos-de-pixabay\\\/\",\"url\":\"https:\\\/\\\/yanntrebaol.fr\\\/musicien\\\/index.php\\\/a-propos-de-pixabay\\\/\",\"name\":\"A PROPOS DE PIXABAY - Yann TREBAOL - MUSICIEN\",\"isPartOf\":{\"@id\":\"https:\\\/\\\/yanntrebaol.fr\\\/musicien\\\/#website\"},\"primaryImageOfPage\":{\"@id\":\"https:\\\/\\\/yanntrebaol.fr\\\/musicien\\\/index.php\\\/a-propos-de-pixabay\\\/#primaryimage\"},\"image\":{\"@id\":\"https:\\\/\\\/yanntrebaol.fr\\\/musicien\\\/index.php\\\/a-propos-de-pixabay\\\/#primaryimage\"},\"thumbnailUrl\":\"http:\\\/\\\/yanntrebaol.fr\\\/musicien\\\/wp-content\\\/uploads\\\/2020\\\/11\\\/drums-2708199_1920.jpg\",\"datePublished\":\"2020-11-03T21:56:21+00:00\",\"dateModified\":\"2020-11-03T21:56:57+00:00\",\"breadcrumb\":{\"@id\":\"https:\\\/\\\/yanntrebaol.fr\\\/musicien\\\/index.php\\\/a-propos-de-pixabay\\\/#breadcrumb\"},\"inLanguage\":\"fr-FR\",\"potentialAction\":[{\"@type\":\"ReadAction\",\"target\":[\"https:\\\/\\\/yanntrebaol.fr\\\/musicien\\\/index.php\\\/a-propos-de-pixabay\\\/\"]}]},{\"@type\":\"ImageObject\",\"inLanguage\":\"fr-FR\",\"@id\":\"https:\\\/\\\/yanntrebaol.fr\\\/musicien\\\/index.php\\\/a-propos-de-pixabay\\\/#primaryimage\",\"url\":\"https:\\\/\\\/yanntrebaol.fr\\\/musicien\\\/wp-content\\\/uploads\\\/2020\\\/11\\\/drums-2708199_1920.jpg\",\"contentUrl\":\"https:\\\/\\\/yanntrebaol.fr\\\/musicien\\\/wp-content\\\/uploads\\\/2020\\\/11\\\/drums-2708199_1920.jpg\",\"width\":1920,\"height\":1280},{\"@type\":\"BreadcrumbList\",\"@id\":\"https:\\\/\\\/yanntrebaol.fr\\\/musicien\\\/index.php\\\/a-propos-de-pixabay\\\/#breadcrumb\",\"itemListElement\":[{\"@type\":\"ListItem\",\"position\":1,\"name\":\"Accueil\",\"item\":\"https:\\\/\\\/yanntrebaol.fr\\\/musicien\\\/\"},{\"@type\":\"ListItem\",\"position\":2,\"name\":\"A PROPOS DE PIXABAY\"}]},{\"@type\":\"WebSite\",\"@id\":\"https:\\\/\\\/yanntrebaol.fr\\\/musicien\\\/#website\",\"url\":\"https:\\\/\\\/yanntrebaol.fr\\\/musicien\\\/\",\"name\":\"Yann TREBAOL - MUSICIEN\",\"description\":\"Un Blog de partage amical de la musique\",\"potentialAction\":[{\"@type\":\"SearchAction\",\"target\":{\"@type\":\"EntryPoint\",\"urlTemplate\":\"https:\\\/\\\/yanntrebaol.fr\\\/musicien\\\/?s={search_term_string}\"},\"query-input\":{\"@type\":\"PropertyValueSpecification\",\"valueRequired\":true,\"valueName\":\"search_term_string\"}}],\"inLanguage\":\"fr-FR\"}]}<\/script>\n<!-- \/ Yoast SEO plugin. -->","yoast_head_json":{"title":"A PROPOS DE PIXABAY - Yann TREBAOL - MUSICIEN","robots":{"index":"index","follow":"follow","max-snippet":"max-snippet:-1","max-image-preview":"max-image-preview:large","max-video-preview":"max-video-preview:-1"},"canonical":"https:\/\/yanntrebaol.fr\/musicien\/index.php\/a-propos-de-pixabay\/","og_locale":"fr_FR","og_type":"article","og_title":"A PROPOS DE PIXABAY - Yann TREBAOL - MUSICIEN","og_description":"Pixabay.com est un site web de partage d\u2019images libres de droits : photos, illustrations, images vectorielles et clips vid\u00e9os. Le site a \u00e9t\u00e9 d\u00e9velopp\u00e9 en Allemagne par Hans Braxmeier et Simon Steinberger. J\u2019utilise ce site que j\u2019alimente \u00e9galement en photos. Cette notion de partage sans \u00e9change d\u2019argent est une de mes valeurs fondamentales.","og_url":"https:\/\/yanntrebaol.fr\/musicien\/index.php\/a-propos-de-pixabay\/","og_site_name":"Yann TREBAOL - MUSICIEN","article_modified_time":"2020-11-03T21:56:57+00:00","og_image":[{"url":"http:\/\/yanntrebaol.fr\/musicien\/wp-content\/uploads\/2020\/11\/drums-2708199_1920.jpg","type":"","width":"","height":""}],"twitter_card":"summary_large_image","schema":{"@context":"https:\/\/schema.org","@graph":[{"@type":"WebPage","@id":"https:\/\/yanntrebaol.fr\/musicien\/index.php\/a-propos-de-pixabay\/","url":"https:\/\/yanntrebaol.fr\/musicien\/index.php\/a-propos-de-pixabay\/","name":"A PROPOS DE PIXABAY - Yann TREBAOL - MUSICIEN","isPartOf":{"@id":"https:\/\/yanntrebaol.fr\/musicien\/#website"},"primaryImageOfPage":{"@id":"https:\/\/yanntrebaol.fr\/musicien\/index.php\/a-propos-de-pixabay\/#primaryimage"},"image":{"@id":"https:\/\/yanntrebaol.fr\/musicien\/index.php\/a-propos-de-pixabay\/#primaryimage"},"thumbnailUrl":"http:\/\/yanntrebaol.fr\/musicien\/wp-content\/uploads\/2020\/11\/drums-2708199_1920.jpg","datePublished":"2020-11-03T21:56:21+00:00","dateModified":"2020-11-03T21:56:57+00:00","breadcrumb":{"@id":"https:\/\/yanntrebaol.fr\/musicien\/index.php\/a-propos-de-pixabay\/#breadcrumb"},"inLanguage":"fr-FR","potentialAction":[{"@type":"ReadAction","target":["https:\/\/yanntrebaol.fr\/musicien\/index.php\/a-propos-de-pixabay\/"]}]},{"@type":"ImageObject","inLanguage":"fr-FR","@id":"https:\/\/yanntrebaol.fr\/musicien\/index.php\/a-propos-de-pixabay\/#primaryimage","url":"https:\/\/yanntrebaol.fr\/musicien\/wp-content\/uploads\/2020\/11\/drums-2708199_1920.jpg","contentUrl":"https:\/\/yanntrebaol.fr\/musicien\/wp-content\/uploads\/2020\/11\/drums-2708199_1920.jpg","width":1920,"height":1280},{"@type":"BreadcrumbList","@id":"https:\/\/yanntrebaol.fr\/musicien\/index.php\/a-propos-de-pixabay\/#breadcrumb","itemListElement":[{"@type":"ListItem","position":1,"name":"Accueil","item":"https:\/\/yanntrebaol.fr\/musicien\/"},{"@type":"ListItem","position":2,"name":"A PROPOS DE PIXABAY"}]},{"@type":"WebSite","@id":"https:\/\/yanntrebaol.fr\/musicien\/#website","url":"https:\/\/yanntrebaol.fr\/musicien\/","name":"Yann TREBAOL - MUSICIEN","description":"Un Blog de partage amical de la musique","potentialAction":[{"@type":"SearchAction","target":{"@type":"EntryPoint","urlTemplate":"https:\/\/yanntrebaol.fr\/musicien\/?s={search_term_string}"},"query-input":{"@type":"PropertyValueSpecification","valueRequired":true,"valueName":"search_term_string"}}],"inLanguage":"fr-FR"}]}},"_links":{"self":[{"href":"https:\/\/yanntrebaol.fr\/musicien\/index.php\/wp-json\/wp\/v2\/pages\/231","targetHints":{"allow":["GET"]}}],"collection":[{"href":"https:\/\/yanntrebaol.fr\/musicien\/index.php\/wp-json\/wp\/v2\/pages"}],"about":[{"href":"https:\/\/yanntrebaol.fr\/musicien\/index.php\/wp-json\/wp\/v2\/types\/page"}],"author":[{"embeddable":true,"href":"https:\/\/yanntrebaol.fr\/musicien\/index.php\/wp-json\/wp\/v2\/users\/1"}],"replies":[{"embeddable":true,"href":"https:\/\/yanntrebaol.fr\/musicien\/index.php\/wp-json\/wp\/v2\/comments?post=231"}],"version-history":[{"count":2,"href":"https:\/\/yanntrebaol.fr\/musicien\/index.php\/wp-json\/wp\/v2\/pages\/231\/revisions"}],"predecessor-version":[{"id":234,"href":"https:\/\/yanntrebaol.fr\/musicien\/index.php\/wp-json\/wp\/v2\/pages\/231\/revisions\/234"}],"wp:attachment":[{"href":"https:\/\/yanntrebaol.fr\/musicien\/index.php\/wp-json\/wp\/v2\/media?parent=231"}],"curies":[{"name":"wp","href":"https:\/\/api.w.org\/{rel}","templated":true}]}}